 = 6*q**3 + q**2 - q. Let f = 19 - 18. Let s be v(f). Suppose -51 = -s*o + 9. What are the prime factors of o?
2, 5
What are the prime factors of (-8)/(-14) - 5/(70/(-1126))?
3
Suppose 3*l + 43 = 49. Suppose -3*f - 2*f - 75 = -l*i, -3*i + 5*f + 105 = 0. What are the prime factors of i?
2, 3, 5
Let m(c) = -59*c - 91. List the prime factors of m(-19).
2, 5, 103
Let g(q) = -23*q - 4. Let w(t) = -t**3 - 11*t**2 - 8*t + 16. Let x be w(-10). List the prime factors of g(x).
2, 11
Let n be (-39)/(-6) - (21/(-2))/(-7). Suppose -b = -3*d + 154, -8*d + 5*b + 158 = -n*d. What are the prime factors of d?
3, 17
Let p = 79 - 115. Let k = p - -55. Let q = k + -13. What are the prime factors of q?
2, 3
Suppose -2*d + 0*d - 2 = 0. Let m(x) be the third derivative of 29*x**5/30 + x**2 + 17*x. What are the prime factors of m(d)?
2, 29
Let q(l) be the third derivative of -l**4/6 - 5*l**3/6 + 13*l**2 - 3. Suppose y - 6 = -3*f + 5*f, 0 = -2*y + f. What are the prime factors of q(y)?
3
List the prime factors of 88/3*732/8.
2, 11, 61
Let r(z) = 7*z**3 + 5*z**2 - 2. Let b(a) = 4*a + 15*a**3 - 5 - 4*a + 11*a**2. Let j(i) = -6*b(i) + 13*r(i). What are the prime factors of j(0)?
2
Suppose 4*f + 12 = 5*f. Let z(s) = -s**3 + 13*s**2 - 12*s - 2. Let t be z(f). What are the prime factors of 21/7*(1 - t)?
3
Let x(o) = -2*o. Let i be x(-2). Suppose -5*w + 855 = 5*k, -i*k + 3*w + 490 = -201. What are the prime factors of k?
2, 43
Suppose 12 = -5*m + 9*m. Suppose 0 = -m*b - 88 + 307. What are the prime factors of b?
73
Let v = 397 + -257. Suppose 0 = -2*m + v - 52. List the prime factors of m.
2, 11
Let p = 2221 + -723. What are the prime factors of p?
2, 7, 107
Suppose 14 = 7*i - 14. Suppose 3*k = -5*h - 0*k + 327, 0 = i*h + 2*k - 262. What are the prime factors of h?
2, 3, 11
Let q(f) = -f**3 - 18*f**2 + 29*f. List the prime factors of q(-23).
2, 23, 43
Suppose -74 = -2*r - 14. Suppose 3*q + 4*l + 140 = 6*q, -q = 2*l - r. List the prime factors of q.
2, 5
Let a = -83 - -99. Suppose 43 = g - 2*r + a, r = -g + 36. List the prime factors of g.
3, 11
Suppose 1906 = 6*u - 3824. What are the prime factors of u?
5, 191
Let u = 253 + 1205. What are the prime factors of u?
2, 3
Let n(h) = h**2 + 2*h. Suppose -18 = 3*p - 4*p + 5*u, -5*u = 20. Let j be n(p). Suppose j*y + 365 = 5*y. What are the prime factors of y?
73
Let q(p) = -2*p + 21. Let n be q(8). Suppose 2*t - 98 = -4*j, n*j - 25 = 5*t + 105. What are the prime factors of j?
5
Suppose -4*q - 3*b + 8 = 0, 2*q + 4*b + 1 = 5. Suppose -3*h - q*n = 0, 6*h - 5*n = 2*h + 23. Suppose -1 = h*c - 45. What are the prime factors of c?
2, 11
Let z(b) = 277*b + 2. What are the prime factors of z(2)?
2, 139
Let a = -308 + 2529. List the prime factors of a.
2221
Suppose -5*v - 18*s + 16*s = -3182, -v + 4*s = -654. List the prime factors of v.
2, 11, 29
Let v(m) = -2*m - 8. Let s be v(-11). Let l = -11 + s. Suppose -l*a - 31 = -133. List the prime factors of a.
2, 17
Suppose 5*w = 3*w + 2. Let m be 0 + w - 78/(-2). Suppose 2*n = -5*h - 1, 5*n - 5*h = 45 + m. What are the prime factors of n?
2, 3
Let a be (1 - -1)*(0 - 219/(-6)). Let c be (-6)/(2/(80/6)). Let u = a + c. What are the prime factors of u?
3, 11
What are the prime factors of 10/6 - 6628/(-12)?
2, 277
List the prime factors of (-6 + (-5 - (-2919)/(-14)))*-10.
5, 439
Let s be (-119)/14 - (-2)/(-4). Let n be 2/s - (-465)/27. Suppose v - 13 = -2*q, -n - 32 = -5*v - 2*q. List the prime factors of v.
3
Let s(w) = -74*w + 89. List the prime factors of s(-4).
5, 7, 11
Suppose 461*b - 458*b - 5694 = 0. What are the prime factors of b?
2, 13, 73
Let v = 11 + 5. Suppose 5*u - 9 = v. Suppose 3*w + 5*o - 119 = 0, -u*w - o + 143 = -26. List the prime factors of w.
3, 11
Suppose 3*b + c - 320 + 46 = 0, -4*c + 166 = 2*b. What are the prime factors of b?
3, 31
Suppose 5*a = 680 + 80. Suppose -6*n + a = -112. List the prime factors of n.
2, 11
Let n(d) = 4*d**2 + 6*d - 8. Let x be n(-6). Suppose -s - x = -5*s. Let z = s - 11. List the prime factors of z.
2, 7
Suppose -2*d = 424 + 152. Let l = 429 + d. What are the prime factors of l?
3, 47
Suppose 32593 + 3227 = 90*g. What are the prime factors of g?
2, 199
Let t(i) = -409*i**3 - i**2 + i + 2. What are the prime factors of t(-1)?
409
Let m be (1 + -1)/(-1) - -2. Suppose 111 = 5*s - 3*n, -3*n + 76 = 4*s - m. List the prime factors of s.
3, 7
Suppose 6*r - 2*r = 16. Suppose 0 = r*w - 70 - 210. What are the prime factors of w?
2, 5, 7
Let i = 50 + -51. What are the prime factors of (2/(-16))/(i/4)*78?
3, 13
Suppose 5*j + 7 = -3. What are the prime factors of 63/(3 + j + 0)?
3, 7
Let q be (1 - 0 - 10/(-4))*194. Suppose 4*k = 5*x - 598, -83 = 5*x - 3*k - q. What are the prime factors of x?
2, 59
Let c = 1870 - 1081. What are the prime factors of c?
3, 263
Let f = -72 - -146. Let q = f - -12. What are the prime factors of q?
2, 43
Let r(g) = -2*g**3 - 24*g**2 + g + 37. What are the prime factors of r(-12)?
5
Let d(l) = 26*l**2 - 5*l - 4. What are the prime factors of d(-1)?
3
Suppose -7*h + h = -1314. Suppose -3*i + h = -0*i. What are the prime factors of i?
73
Suppose 0 = -4*z + z. Suppose j - 8 - 65 = z. List the prime factors of j.
73
Let z(v) = v**3 - v + 19. What are the prime factors of z(7)?
5, 71
Suppose 4*u = -p + 2700, 5*u - 1406 - 1980 = -4*p. List the prime factors of u.
2, 337
List the prime factors of (4 - 5)*4 + (-2058)/(-2).
5, 41
Let b be (-16)/(-80) - (1 + (-8)/10). Let d(r) be the third derivative of r**4/24 + 43*r**3/6 - 3*r**2. List the prime factors of d(b).
43
Suppose -16*i + 0*i = -80. Suppose -55 = i*h - 440. What are the prime factors of h?
7, 11
Suppose -3*b + 2*b + 3 = 0. Suppose -5*s - 4*q = -48, -21 = -b*s + 4*q - 5. What are the prime factors of s?
2
Let u be 4 + 0 - 86/(-2). Let l be (9/(-15))/((-6)/810). Let t = l - u. List the prime factors of t.
2, 17
Let y be 3*(2 + (-5)/(30/(-524))). Suppose -3*m = 6, y = 2*w - 0*w - 3*m. List the prime factors of w.
131
Let g = 72 + 186. Suppose -g = -4*z - 2. What are the prime factors of z?
2
Let u(h) = 3*h**2 - 4*h + 9. Let k(f) = -f**3 + 4*f**2 + 8*f - 10. Let b be k(5). What are the prime factors of u(b)?
2
Suppose 4*o - 68 - 52 = 0. Let q(y) = y**3 + 6*y**2 - 12*y - 15. Let m be q(-7). Suppose -o = -r + m. List the prime factors of r.
2, 5
Let i = -15 - -18. Suppose -i*c = -8*c. Suppose c = 3*j + r - 76, -3*r - r + 44 = 2*j. List the prime factors of j.
2, 13
Suppose -2*z + 10 = -5*g, -g - 16 = -5*g. Let m = z - 7. Let k = m + 6. What are the prime factors of k?
2, 7
Let g = 16 + 897. List the prime factors of g.
11, 83
List the prime factors of 18/33 - 30126/(-66).
457
List the prime factors of (-14 - -8)/(6/(-1004)).
2, 251
Suppose 51485 = 16*b - 26995. What are the prime factors of b?
3, 5, 109
Let h be ((-120)/9 - -3)*-3. Suppose 0 = f - h - 2. List the prime factors of f/4 + 2/(-8).
2
Let m(p) = -p + 12. Let q be m(0). Let d be ((-4)/q)/((-3)/27). Suppose 0 = 4*f - d*n - 63, -f + 0*f - 3*n = -27. List the prime factors of f.
2, 3
Suppose -5*x + 4*h = -10439, -3*h = 21*x - 16*x - 10467. What are the prime factors of x?
3, 17, 41
Suppose -5*u + 5 = 0, 0 = -5*h - 5*u + 8 - 3. Suppose -k - g - 3 + 7 = h, -2*g + 14 = 3*k. Let l(t) = 3*t + 2. List the prime factors of l(k).
2, 5
Let i(b) = b**2 - b - 1. Let x(p) = -5*p**2 - 9*p + 4. Let t(q) = 2*i(q) - x(q). What are the prime factors of t(-5)?
2, 67
Let o(a) = -a**3 - 5*a**2 + 6*a + 30. List the prime factors of o(-8).
2, 3, 29
Suppose -37 = -3*t + t + 5*p, 2*t - 7 = -p. Let l = t - 2. Suppose -21 = -3*x - 3*w, 22 = l*x - 3*w + 1. List the prime factors of x.
2, 3
Suppose -8*b + 760 = -2888. List the prime factors of b.
2, 3, 19
Let z(t) = t**3 + 15*t**2 + t + 19. Let n be z(-15). Suppose p + n*p + 70 = 0. List the prime factors of 3 - p - (4 - 5).
2, 3
Suppose 42 = -0*p + 3*p + 2*y, 54 = 3*p - 2*y. Let b = -3 - 1. Let f = b + p. What are the prime factors of f?
2, 3
Suppose 0 = -2*a + 2, -436 - 1309 = -3*n + 4*a. What are the prime factors of n?
11, 53
Let r be (104 - 3) + -1 + -1. Suppose -3*f + r = -168. List the prime factors of f.
89
Let p = -2 - -4. Let z be (-12)/(-3) + (-2)/p. Let q(g) = g**3 + 3*g**2 - 5*g + 3. List the prime factors of q(z).
2, 3, 7
Let h(f) = -11*f - 4. Let v be h(-3). Let t = 76 - v. List the prime 